ainder when 36045 is divided by 35242.
803
What is the remainder when 93191 is divided by 23194?
415
What is the remainder when 25618558 is divided by 588?
574
What is the remainder when 10559955 is divided by 46?
11
What is the remainder when 354721 is divided by 718?
29
Calculate the remainder when 9584 is divided by 2777.
1253
What is the remainder when 117612 is divided by 164?
24
What is the remainder when 5243675 is divided by 104?
99
Calculate the remainder when 131030 is divided by 1927.
1921
What is the remainder when 170758169 is divided by 52?
49
What is the remainder when 57401 is divided by 2620?
2381
Calculate the remainder when 237308 is divided by 1382.
986
Calculate the remainder when 28569223 is divided by 2520.
2503
What is the remainder when 62461994 is divided by 4235?
4214
Calculate the remainder when 1594923 is divided by 875.
673
Calculate the remainder when 668536 is divided by 7190.
7056
What is the remainder when 5783644 is divided by 18?
10
Calculate the remainder when 152967 is divided by 50951.
114
What is the remainder when 9464 is divided by 914?
324
Calculate the remainder when 64296348 is divided by 233.
231
Calculate the remainder when 409522 is divided by 5122.
4884
Calculate the remainder when 49307 is divided by 16.
11
Calculate the remainder when 2595903 is divided by 1849.
1756
Calculate the remainder when 259684 is divided by 51179.
3789
Calculate the remainder when 4871541 is divided by 1266.
1239
What is the remainder when 1971435 is divided by 303?
117
Calculate the remainder when 152387 is divided by 16837.
854
Calculate the remainder when 438728 is divided by 28.
24
What is the remainder when 2045980 is divided by 15860?
40
Calculate the remainder when 489142 is divided by 154.
38
What is the remainder when 37302351 is divided by 1103?
1097
Calculate the remainder when 45398284 is divided by 5044251.
25
Calculate the remainder when 83828 is divided by 82254.
1574
What is the remainder when 143414 is divided by 15899?
323
What is the remainder when 169935876 is divided by 159?
15
Calculate the remainder when 4911257 is divided by 409271.
5
Calculate the remainder when 24386 is divided by 10696.
2994
What is the remainder when 250980 is divided by 189?
177
Calculate the remainder when 34844 is divided by 768.
284
Calculate the remainder when 45748778 is divided by 154.
152
What is the remainder when 39338425 is divided by 28?
21
What is the remainder when 72234428 is divided by 701305?
13
Calculate the remainder when 1574969 is divided by 174925.
644
What is the remainder when 5624205 is divided by 196?
181
Calculate the remainder when 6427419 is divided by 229546.
131
Calculate the remainder when 392678 is divided by 926.
54
Calculate the remainder when 15769639 is divided by 5256541.
16
What is the remainder when 834657 is divided by 41626?
2137
Calculate the remainder when 2689798 is divided by 298865.
13
Calculate the remainder when 13803053 is divided by 944.
829
Calculate the remainder when 4515789 is divided by 591.
549
Calculate the remainder when 142101 is divided by 540.
81
Calculate the remainder when 558866 is divided by 93143.
8
Calculate the remainder when 467278 is divided by 528.
526
Calculate the remainder when 2549200 is divided by 2549190.
10
What is the remainder when 5649271 is divided by 807035?
26
What is the remainder when 71655 is divided by 1056?
903
Calculate the remainder when 30643 is divided by 6122.
33
Calculate the remainder when 56145 is divided by 1342.
1123
What is the remainder when 710923 is divided by 151?
15
What is the remainder when 6802 is divided by 4451?
2351
What is the remainder when 295621379 is divided by 1026?
1025
What is the remainder when 3462579 is divided by 27264?
51
Calculate the remainder when 10589221 is divided by 142.
139
Calculate the remainder when 4612367 is divided by 101.
0
Calculate the remainder when 2218695 is divided by 73947.
285
What is the remainder when 5485844 is divided by 60284?
0
Calculate the remainder when 101168 is divided by 7956.
5696
What is the remainder when 22452778 is divided by 420?
418
Calculate the remainder when 308746 is divided by 307797.
949
Calculate the remainder when 823700 is divided by 150.
50
Calculate the remainder when 19965783 is divided by 42845.
13
What is the remainder when 43534763 is divided by 582?
581
What is the remainder when 7298042 is divided by 2407?
18
Calculate the remainder when 15616 is divided by 1624.
1000
Calculate the remainder when 153231 is divided by 3253.
340
Calculate the remainder when 63488 is divided by 21144.
56
Calculate the remainder when 23258797 is divided by 27.
25
What is the remainder when 4305717 is divided by 1060?
1057
What is the remainder when 3761638 is divided by 35825?
13
Calculate the remainder when 2604140 is divided by 2604126.
14
Calculate the remainder when 4133639 is divided by 24.
23
Calculate the remainder when 7013379 is divided by 450.
129
What is the remainder when 47000 is divided by 7825?
50
What is the remainder when 78916436 is divided by 10?
6
What is the remainder when 216368091 is divided by 16?
11
Calculate the remainder when 2417134 is divided by 241683.
304
Calculate the remainder when 157998793 is divided by 4150.
4143
Calculate the remainder when 19084 is divided by 15055.
4029
Calculate the remainder when 77504587 is divided by 21.
13
Calculate the remainder when 48243860 is divided by 202.
200
Calculate the remainder when 106652 is divided by 10655.
102
Calculate the remainder when 7745366 is divided by 753.
8
Calculate the remainder when 3904926 is divided by 9.
6
Calculate the remainder when 13448088 is divided by 6724037.
14
What is the remainder when 54803 is divided by 7814?
105
What is the remainder when 2872606 is divided by 5972?
74
Calculate the remainder when 76367150 is divided by 21.
20
What is the remainder when 2336905 is divided by 305?
300
Calculate the remainder when 410615 is divided by 8112.
5015
Calculate the remainder when 11083 is divided by 5204.
675
What is the remainder when 8811301 is divided by 2995?
11
What is the remainder when 183213 is divided by 9560?
1573
Calculate the remainder when 28960128 is divided by 27.
9
Calculate the remainder when 359130 is divided by 644.
422
What is the remainder when 19596256 is divided by 129?
124
What is the remainder when 205301 is divided by 6274?
4533
Calculate the remainder when 21752 is divided by 1812.
8
Calculate the remainder when 886363 is divided by 144.
43
Calculate the remainder when 128393059 is divided by 94825.
9
Calculate the remainder when 732927621 is divided by 312.
309
Calculate the remainder when 35663491 is divided by 446.
439
Calculate the remainder when 1388905845 is divided by 132.
129
What is the remainder when 138034814 is divided by 120?
14
Calculate the remainder when 2324626 is divided by 581143.
54
Calculate the remainder when 2038330 is divided by 2235.
10
What is the remainder when 6022940 is divided by 316?
296
What is the remainder when 553054 is divided by 464?
430
Calculate the remainder when 6268871 is divided by 10311.
10094
Calculate the remainder when 751188 is divided by 161.
123
What is the remainder when 525450 is divided by 17?
14
What is the remainder when 5851300 is divided by 29?
28
What is the remainder when 440668 is divided by 439206?
1462
What is the remainder when 94345 is divided by 3243?
298
Calculate the remainder when 56612 is divided by 56509.
103
Calculate the remainder when 353503 is divided by 1700.
1603
What is the remainder when 3821376 is divided by 318446?
24
What is the remainder when 122252437 is divided by 85?
82
Calculate the remainder when 2103121 is divided by 2133.
2116
Calculate the remainder when 1273177 is divided by 254.
129
What is the remainder when 101264060 is divided by 262?
12
What is the remainder when 30017196 is divided by 239?
230
Calculate the remainder when 51108 is divided by 1260.
708
What is the remainder when 355437 is divided by 240?
237
What is the remainder when 728479 is divided by 8?
7
Calculate the remainder when 1180657 is divided by 458.
391
Calculate the remainder when 1538401 is divided by 7006.
4087
Calculate the remainder when 158886 is divided by 5883.
45
Calc